
-6
Let m(h) = 6*h**2 + 5*h + 5. Calculate m(-2).
19
Let c(s) = -s + 1. Determine c(-9).
10
Let p(v) = -v**3 + 8*v**2 - 10*v - 12. Give p(5).
13
Let h(w) = -w**3 + 3*w**2 + 5*w - 2. Give h(4).
2
Let i(h) = h**2 - 2*h + 18. What is i(10)?
98
Let x(i) = i - 41. Calculate x(0).
-41
Let k(t) = 26*t**3 - 2*t - 1. Determine k(-1).
-25
Let c(b) = 11*b - 1. Determine c(3).
32
Let j(r) = r**2 + 16*r + 1. What is j(-16)?
1
Let u(m) = -m**3 - 53*m**2 - 3*m - 159. Calculate u(-53).
0
Let g(n) = -n**3 - 8*n**2 + n - 5. Determine g(-8).
-13
Let l(v) = 9*v - 50. Calculate l(8).
22
Let h(s) = 11*s + 9. Calculate h(-4).
-35
Let w(r) = 3*r + 38. Give w(-12).
2
Let m(s) = s**2 - 17*s - 39. Give m(19).
-1
Let l(t) = -2*t**2 + 29*t + 22. Give l(15).
7
Let l(y) = -y**2 + 13*y - 5. Determine l(15).
-35
Let x(k) = k**3 - 9*k**2 + 20*k + 7. Give x(5).
7
Let l(a) = -4*a**2 - 29*a + 18. Give l(-8).
-6
Let g(b) = b**2 + 22*b - 80. Calculate g(-25).
-5
Let o(n) = n**3 + n**2 + n - 2. Determine o(0).
-2
Let d(w) = -2*w - 3. Determine d(0).
-3
Let u(l) = 20*l + 7. Calculate u(5).
107
Let x(i) = 8*i**3 + i**2 - 3*i + 3. What is x(1)?
9
Let d(y) = 5*y + 5. Give d(-9).
-40
Let u(q) = -2*q**3 - 33*q**2 - 16*q - 33. Give u(-16).
-33
Let s(j) = 13*j + 4. Calculate s(-2).
-22
Let u(l) = -l**2 + 2*l + 8. What is u(4)?
0
Let s(p) = p**3 - 7*p**2 + 4*p - 1. Calculate s(6).
-13
Let r(f) = -f**2 - 5*f + 2. Calculate r(-4).
6
Let w(d) = -2*d**2 + 22*d - 15. What is w(10)?
5
Let r(u) = -u - 63. Determine r(0).
-63
Let r(b) = -b - 8. Determine r(-10).
2
Let o(b) = 8*b**2 + 7*b - 50. Give o(4).
106
Let d(n) = -7*n + 6. Determine d(8).
-50
Let a(p) = -2*p**2 + 5*p + 2. Calculate a(5).
-23
Let f(t) = 4*t**3 - 5*t - 7. What is f(-1)?
-6
Let l(u) = -3*u - 5. Calculate l(2).
-11
Let v(j) = j**3 + 10*j**2 + 11*j + 10. What is v(-9)?
-8
Let i(q) = -q**3 - 11*q**2 + 6*q - 13. Determine i(-12).
59
Let z(b) = b**2 - 14*b + 30. Calculate z(12).
6
Let o(a) = 8*a + 79. Determine o(-16).
-49
Let y(l) = 26*l + 35. Give y(-2).
-17
Let m(z) = z**3 + 33*z**2 + 57*z - 83. Give m(-31).
72
Let t(u) = 2*u**2 + 28*u + 50. Determine t(-2).
2
Let p(g) = 4*g + 45. Calculate p(-13).
-7
Let n(i) = -i**3 - i**2 + 16. Determine n(0).
16
Let n(x) = -x**3 - 20*x**2 - 3*x - 28. Calculate n(-20).
32
Let i(t) = -t**2 - 24*t + 5. Determine i(-22).
49
Let x(y) = 7*y**2 - y - 29. Determine x(5).
141
Let c(s) = s**2 + 12*s + 10. What is c(-11)?
-1
Let d(f) = 13*f**3 - 3*f**2 - f + 1. Calculate d(-1).
-14
Let o(t) = -t - 25. What is o(12)?
-37
Let h(a) = -3*a + 20. What is h(-4)?
32
Let x(m) = -m**2 - 8*m - 15. Calculate x(-11).
-48
Let n(o) = -o**3 - 6*o**2 - 9*o - 23. What is n(-5)?
-3
Let a(l) = 2*l**2 - 20*l - 20. Determine a(11).
2
Let k(s) = 3*s - 12. What is k(5)?
3
Let p(g) = 2*g**2 + 11*g + 3. Calculate p(-5).
-2
Let p(z) = 22*z - 22. Determine p(7).
132
Let r(t) = -16*t - 117. What is r(-7)?
-5
Let b(d) = 2*d**3 + 42*d**2 + 2*d + 46. Give b(-21).
4
Let d(u) = u**2 + 18*u - 99. Determine d(-23).
16
Let l(w) = -4*w**2 - 3*w. Calculate l(-1).
-1
Let n(f) = 6*f. What is n(6)?
36
Let p(n) = -6*n**3 + n**2 + 4*n + 4. Calculate p(-1).
7
Let u(c) = 2*c**3 - 6*c**2 - c + 1. What is u(3)?
-2
Let c(m) = -m**3 - 14*m**2 - m - 10. Give c(-14).
4
Let j(x) = x**2 - 7*x + 4. Calculate j(7).
4
Let u(j) = j**3 + 14*j**2 - 3*j - 45. Determine u(-14).
-3
Let c(g) = g**3 + 5*g**2 - 4*g - 1. What is c(-3)?
29
Let j(r) = 6*r**2 - 6. Determine j(-2).
18
Let t(r) = 7*r**2 - 98*r + 4. Determine t(14).
4
Let v(s) = -s**3 + 7*s**2 + 20*s - 14. Give v(9).
4
Let w(r) = 7*r - 21. What is w(5)?
14
Let z(u) = u**3 + 6*u**2 + 2*u - 3. Give z(-5).
12
Let j(l) = -l**3 + 13*l**2 + 2*l - 28. Determine j(13).
-2
Let h(i) = i**3 - 9*i**2 + 4*i - 8. What is h(8)?
-40
Let r(q) = -q**3 + 7*q**2 - 4*q - 4. What is r(7)?
-32
Let m(q) = 23*q - 19. Give m(1).
4
Let d(j) = 3*j + 42. Give d(-17).
-9
Let n(i) = 3*i - 61. Calculate n(21).
2
Let v(s) = s**3 + 8*s**2 - 3*s + 15. Determine v(-8).
39
Let y(n) = -2*n**3 + 41*n**2 - 17*n - 55. Calculate y(20).
5
Let i(g) = -g**2 - 14*g. Determine i(-14).
0
Let k(p) = -17*p - 131. Give k(-8).
5
Let j(b) = -11*b**3 + 2*b**2 + 3*b - 3. What is j(-2)?
87
Let p(b) = -5*b + 119. Determine p(21).
14
Let a(y) = -y**2 + 8*y + 23. Determine a(8).
23
Let u(n) = -6*n + 32. Calculate u(5).
2
Let j(f) = f**2 - 9*f - 7. Determine j(7).
-21
Let i(g) = -34*g + 2. What is i(-1)?
36
Let j(p) = 7*p - 6. What is j(11)?
71
Let r(z) = -z**3 - 13*z**2 - 22*z + 2. Calculate r(-11).
2
Let w(j) = -2*j**2 + 5*j + 6. Determine w(6).
-36
Let u(l) = -15*l + 46. Determine u(3).
1
Let w(p) = p**3 + 12*p**2. Calculate w(-12).
0
Let v(p) = 3*p - 19. Calculate v(10).
11
Let u(j) = -33*j + 4. What is u(-2)?
70
Let m(f) = f**2 - 13*f - 18. What is m(15)?
12
Let v(d) = -5*d - 18. Determine v(-15).
57
Let i(l) = l**3 - 25*l**2 - 28*l + 58. What is i(26)?
6
Let s(o) = -o**2 - 11*o - 25. Determine s(-8).
-1
Let t(s) = -20*s**2 + 173*s + 58. What is t(9)?
-5
Let q(o) = -2*o**3 - 2*o**2 - o. Give q(-1).
1
Let p(i) = 8*i**2 + 24*i - 23. Give p(1).
9
Let j(h) = -h**3 - 7*h**2 + 12*h + 14. What is j(-8)?
-18
Let k(y) = y**3 + 7*y - 22. What is k(0)?
-22
Let d(h) = -h**2 + 26*h - 93. Calculate d(22).
-5
Let s(j) = 4*j**2 + 109*j + 314. Determine s(-24).
2
Let i(r) = -r**2 - 36*r - 290. Determine i(-13).
9
Let u(t) = 3*t**2 + 2*t + 1. Give u(-5).
66
Let t(i) = 2*i + 5. Calculate t(-6).
-7
Let b(t) = t**3 - 3*t**2 - 5*t + 4. Calculate b(5).
29
Let v(s) = -s**3 + s**2 + s + 12. Give v(0).
12
Let m(y) = 2*y + 80. Determine m(-35).
10
Let z(w) = 35*w - 420. Calculate z(12).
0
Let o(f) = -2*f**2 + 38*f + 14. Calculate o(20).
-26
Let i(m) = -4*m - 31. Determine i(-10).
9
Let l(m) = 12*m - 18. Give l(5).
42
Let r(a) = -40*a**3 + a**2 - 3*a - 2. Give r(-1).
42
Let a(x) = -x**3 - 15*x**2 + 15*x - 13. Give a(-16).
3
Let r(y) = -11*y + 452. Calculate r(42).
-10
Let j(r) = r**3 - 6*r**2 + 2*r - 4. Determine j(6).
8
Let x(d) = -9*d**2 + d. Calculate x(1).
-8
Let y(t) = 2*t**3 - 14*t**2 - 6. Give y(7).
-6
Let o(b) = -14*b + 15. Calculate o(-2).
43
Let p(d) = -d**2 + 26*d + 359. Give p(-10).
-1
Let d(j) = -j**3 - 5*j**2 - j - 10. Calculate d(-5).
-5
Let z(r) = -6*r**3 - 3*r**2 + 3*r - 2. Determine z(1).
-8
Let j(w) = -w**2 - 8*w - 8. What is j(-7)?
-1
Let v(o) = 2*o - 2. Give v(3).
4
Let q(l) = l**2 - l - 156. What is q(-12)?
0
Let m(i) = i**3 - 12*i**2 + 9*i + 12. Give m(11).
-10
Let l(j) = j**3 + 18*j**2 + j + 22. Give l(-18).
4
Let m(d) = -d**3 - 3*d**2. Determine m(-3).
0
Let i(c) = c + 1. Give i(7).
8
Let t(b) = -b**3 + 16*b**2 - 14*b - 17. What is t(15)?
-2
Let b(i) = 4*i**2 + 2*i + 3. Determine b(-3).
33
Let y(t) = t**3 + 15*t**2 + 33*t - 26. Calculate y(-12).
10
Let s(d) = -22*d - 1. Give s(-1).
21
Let p(n) = -n**3 - 6*n**2 - n - 5. Give p(-6).
1
Let z(t) = 2*t**3 + 34*t**2 + 31*t - 9. Give z(-16).
7
Let h(g) = -g**3 + 6*g**2 - 5*g - 5. Determine h(5).
-5
Let u(g) = -g**2 - 20*g + 255. Give u(-29).
-6
Let r(t) = 9*t + 150. Calculate r(-16).
6
Let y(v) = 5*v + 9. Give y(-10).
-41
Let t(s) = s**3 + 5*s**2 - 4. Determine t(-4).
12
Let p(d) = d**3 - 8*d**2 + 9*d - 1. Give p(6).
-19
Let t(p) = 5*p - 16. Give t(9).
29
Let g(r) = r**3 + 8*r**2 - 6*r + 5. Give g(-8).
53
Let m(u) = 4*u + 20. Give m(-7).
-8
Let n(d) = d**3 + 12*d**2 - 2. Give n(-12).
-2
Let h(m) = 10*m - 1. Give h(-1).
-11
Let s(r) = -33*r + 2. What is s(-1)?
35
Let l(v) = -v**2 + v + 1. Determine l(-4).
-19
Let x(i) = i**2 + i - 3. Calculate x(-5).
17
Let u(x) = 17*x + 39. What is u(-2)?
5
Let w(i) = i + 3. Determine w(-12).
-9
Let q(o) = -o**2 - 13*o - 9. Calculate q(-12).
3
Let d(w) = 8*w - 157. What is d(19)?
-5
Let r(u) = -u**2 + 15*u + 9. What is r(16)?
-7
Let z(b) = b**3 + b**2 - 3*b - 2. Calculate z(0).
-2
Let y(a) = a - 9. Calculate y(-7).
-16
Let t(n) = -10*n**2 - 4*n + 1. Give t(-2).
-31
Let l(b) = b - 4. Determine l(6).
2
Let r(j) = -j**2 + 7*j - 4. What is r(9)?
-22
Let l(g) = -g + 14. What is l(32)?
-18
Let n(q) = -q**3 + 6*q**2 + 9*q + 6. Calculate n(7).
20
Let p(k) = k**3 - 10*k**2 + 8*k + 12. Calculate p(9).
3
Let q(h) = -h**3 + 6*h**2 + 24*h - 65. What is q(8)?
-1
Let s(u) = 3*u - 7. Determine s(-3).
-16
Let u(m) = 4*m**2 - 3*m + 3. What is u(1)?
4
Let v(t) = 142*t**3 + 2*t**2 - 3*t + 2. Give v(1).
1